{"id":3863,"date":"2013-05-22T15:23:24","date_gmt":"2013-05-22T15:23:24","guid":{"rendered":"https:\/\/improntaconsulting.es\/wordpress\/?page_id=3863"},"modified":"2017-05-09T09:53:32","modified_gmt":"2017-05-09T09:53:32","slug":"sector-financiero-asegurador","status":"publish","type":"page","link":"https:\/\/improntaconsulting.es\/wordpress\/sector-financiero-asegurador\/","title":{"rendered":"Sector Financiero Asegurador"},"content":{"rendered":"<div class=\"fusion-fullwidth fullwidth-box fusion-builder-row-1 hundred-percent-fullwidth non-hundred-percent-height-scrolling\" style=\"background-color: rgba(255,255,255,0);background-position: center center;background-repeat: no-repeat;padding-top:0px;padding-right:0px;padding-bottom:0px;padding-left:0px;margin-bottom: 0px;margin-top: 0px;border-width: 0px 0px 0px 0px;border-color:#eae9e9;border-style:solid;\" ><div class=\"fusion-builder-row fusion-row\"><div class=\"fusion-layout-column fusion_builder_column fusion-builder-column-0 fusion_builder_column_1_2 1_2 fusion-one-half fusion-column-first\" style=\"width:50%;width:calc(50% - ( ( 4% ) * 0.5 ) );margin-right: 4%;margin-top:0px;margin-bottom:20px;\"><div class=\"fusion-column-wrapper fusion-flex-column-wrapper-legacy\" style=\"background-position:left top;background-repeat:no-repeat;-webkit-background-size:cover;-moz-background-size:cover;-o-background-size:cover;background-size:cover;padding: 0px 0px 0px 0px;\">\nHemos colaborado con Bancos, Cajas de Ahorro, Cooperativas de Cr\u00e9dito, Aseguradoras, Entidades de Dinero Electr\u00f3nico, Banca de Inversi\u00f3n, Unidades de Compliance y de Prevenci\u00f3n de Blanqueo de Capitales\u2026<\/p>\n<p>Se constituye actualmente como uno de los sectores con m\u00e1s cambios y con una mayor presi\u00f3n en cuanto a la regulaci\u00f3n y supervisi\u00f3n desde todos los niveles de la administraci\u00f3n.<\/p>\n<p>Fusiones, adquisiciones, Start-up\u00b4s, Internacionalizaci\u00f3n, son algunas de las situaciones en las que intervenimos en Impronta Consulting ayudando a nuestros clientes en la B\u00fasqueda, captaci\u00f3n e incorporaci\u00f3n de los mejores profesionales para cada caso concreto y espec\u00edfico.<\/p>\n<div class=\"fusion-clearfix\"><\/div><\/div><\/div>\n<div class=\"fusion-layout-column fusion_builder_column fusion-builder-column-1 fusion_builder_column_1_2 1_2 fusion-one-half fusion-column-last\" style=\"width:50%;width:calc(50% - ( ( 4% ) * 0.5 ) );margin-top:0px;margin-bottom:20px;\"><div class=\"fusion-column-wrapper fusion-flex-column-wrapper-legacy\" style=\"background-position:left top;background-repeat:no-repeat;-webkit-background-size:cover;-moz-background-size:cover;-o-background-size:cover;background-size:cover;padding: 0px 0px 0px 0px;\">\nConseguimos identificar, acceder y atraer a profesionales que garantizan liderar un proyecto, un departamento, \u00e1rea o negocio aportando resultados a nuestros clientes.<\/p>\n<p>Igualmente, evaluamos y\/o desarrollamos a los profesionales tanto en competencias (conocimientos, habilidades y actitudes) como en cuanto a garantizar el cumplimiento de cualquier requisito o imperativo legal a nivel nacional o internacional.<\/p>\n<p>Nuestra experiencia se ha desarrollado con Consejos de Administraci\u00f3n, Socios, directivos de primer y segundo nivel, as\u00ed como con profesionales y t\u00e9cnicos cualificados.<\/p>\n<div class=\"fusion-clearfix\"><\/div><\/div><\/div><\/div><style type=\"text\/css\">.fusion-fullwidth.fusion-builder-row-1 { overflow:visible; }<\/style><\/div>\n","protected":false},"excerpt":{"rendered":"","protected":false},"author":1,"featured_media":0,"parent":0,"menu_order":0,"comment_status":"closed","ping_status":"closed","template":"","meta":[],"_links":{"self":[{"href":"https:\/\/improntaconsulting.es\/wordpress\/wp-json\/wp\/v2\/pages\/3863"}],"collection":[{"href":"https:\/\/improntaconsulting.es\/wordpress\/wp-json\/wp\/v2\/pages"}],"about":[{"href":"https:\/\/improntaconsulting.es\/wordpress\/wp-json\/wp\/v2\/types\/page"}],"author":[{"embeddable":true,"href":"https:\/\/improntaconsulting.es\/wordpress\/wp-json\/wp\/v2\/users\/1"}],"replies":[{"embeddable":true,"href":"https:\/\/improntaconsulting.es\/wordpress\/wp-json\/wp\/v2\/comments?post=3863"}],"version-history":[{"count":7,"href":"https:\/\/improntaconsulting.es\/wordpress\/wp-json\/wp\/v2\/pages\/3863\/revisions"}],"predecessor-version":[{"id":4063,"href":"https:\/\/improntaconsulting.es\/wordpress\/wp-json\/wp\/v2\/pages\/3863\/revisions\/4063"}],"wp:attachment":[{"href":"https:\/\/improntaconsulting.es\/wordpress\/wp-json\/wp\/v2\/media?parent=3863"}],"curies":[{"name":"wp","href":"https:\/\/api.w.org\/{rel}","templated":true}]}}