{"id":3869,"date":"2013-05-22T15:26:45","date_gmt":"2013-05-22T15:26:45","guid":{"rendered":"https:\/\/improntaconsulting.es\/wordpress\/?page_id=3869"},"modified":"2017-05-09T09:53:32","modified_gmt":"2017-05-09T09:53:32","slug":"sector-farmaceutico-y-biotecnologia","status":"publish","type":"page","link":"https:\/\/improntaconsulting.es\/wordpress\/sector-farmaceutico-y-biotecnologia\/","title":{"rendered":"Sector Farmac\u00e9utico y Biotecnolog\u00eda"},"content":{"rendered":"<div class=\"fusion-fullwidth fullwidth-box fusion-builder-row-1 hundred-percent-fullwidth non-hundred-percent-height-scrolling\" style=\"background-color: rgba(255,255,255,0);background-position: center center;background-repeat: no-repeat;padding-top:0px;padding-right:0px;padding-bottom:0px;padding-left:0px;margin-bottom: 0px;margin-top: 0px;border-width: 0px 0px 0px 0px;border-color:#eae9e9;border-style:solid;\" ><div class=\"fusion-builder-row fusion-row\"><div class=\"fusion-layout-column fusion_builder_column fusion-builder-column-0 fusion_builder_column_1_2 1_2 fusion-one-half fusion-column-first\" style=\"width:50%;width:calc(50% - ( ( 4% ) * 0.5 ) );margin-right: 4%;margin-top:0px;margin-bottom:20px;\"><div class=\"fusion-column-wrapper fusion-flex-column-wrapper-legacy\" style=\"background-position:left top;background-repeat:no-repeat;-webkit-background-size:cover;-moz-background-size:cover;-o-background-size:cover;background-size:cover;padding: 0px 0px 0px 0px;\">\nEl <strong>sector Farmac\u00e9utico y Biotecnol\u00f3gico<\/strong> se ha constituido como uno de los sectores m\u00e1s din\u00e1micos y cambiantes en la actualidad: recorte dr\u00e1stico del gasto p\u00fablico, reducci\u00f3n de precios de referencia, aparici\u00f3n en escena de las econom\u00edas emergentes (Latam, Oriente Medio y Asia) con una creciente demanda de productos farmac\u00e9uticos, mayor presi\u00f3n regulatoria (compliance), nuevas necesidades de los diferentes agentes del sector, el nuevo role de los gen\u00e9ricos, un aumento de los costes en Investigaci\u00f3n, Desarrollo e Innovaci\u00f3n.<\/p>\n<p>En Impronta Consulting hemos crecido y acompa\u00f1ado a numerosos clientes en estos cambios y tenemos un exhaustivo conocimiento del escenario en cada momento. Hemos colaborado con clientes tanto nacionales como internaciones, multinacionales y locales, en la B\u00fasqueda, captaci\u00f3n e incorporaci\u00f3n de los mejores profesionales tanto para redes de venta, como para departamentos y unidades centrales (m\u00e9dico, relaciones institucionales, acceso mercado\u2026).<\/p>\n<div class=\"fusion-clearfix\"><\/div><\/div><\/div>\n<div class=\"fusion-layout-column fusion_builder_column fusion-builder-column-1 fusion_builder_column_1_2 1_2 fusion-one-half fusion-column-last\" style=\"width:50%;width:calc(50% - ( ( 4% ) * 0.5 ) );margin-top:0px;margin-bottom:20px;\"><div class=\"fusion-column-wrapper fusion-flex-column-wrapper-legacy\" style=\"background-position:left top;background-repeat:no-repeat;-webkit-background-size:cover;-moz-background-size:cover;-o-background-size:cover;background-size:cover;padding: 0px 0px 0px 0px;\">\nAportamos soluciones tanto en Laboratorios, Biotecnol\u00f3gicas, Start Up`s, Hospitales, Fabricantes de material fungible, Equipos de diagn\u00f3stico, Dermocosm\u00e9tica&#8230;<\/p>\n<p>Asimismo tenemos experiencia en la Evaluaci\u00f3n de profesionales (redes de venta, equipos de servicios centrales, f\u00e1brica\u2026) que ayuden a la toma de diferentes decisiones, como en el Desarrollo de competencias (conocimientos, habilidades y actitudes) que les ayuden a afrontar con seguridad y la mayor probabilidad de \u00e9xito un escenario tan retador y cambiante.<\/p>\n<div class=\"fusion-clearfix\"><\/div><\/div><\/div><\/div><style type=\"text\/css\">.fusion-fullwidth.fusion-builder-row-1 { overflow:visible; }<\/style><\/div>\n","protected":false},"excerpt":{"rendered":"","protected":false},"author":1,"featured_media":0,"parent":0,"menu_order":0,"comment_status":"closed","ping_status":"closed","template":"","meta":[],"_links":{"self":[{"href":"https:\/\/improntaconsulting.es\/wordpress\/wp-json\/wp\/v2\/pages\/3869"}],"collection":[{"href":"https:\/\/improntaconsulting.es\/wordpress\/wp-json\/wp\/v2\/pages"}],"about":[{"href":"https:\/\/improntaconsulting.es\/wordpress\/wp-json\/wp\/v2\/types\/page"}],"author":[{"embeddable":true,"href":"https:\/\/improntaconsulting.es\/wordpress\/wp-json\/wp\/v2\/users\/1"}],"replies":[{"embeddable":true,"href":"https:\/\/improntaconsulting.es\/wordpress\/wp-json\/wp\/v2\/comments?post=3869"}],"version-history":[{"count":4,"href":"https:\/\/improntaconsulting.es\/wordpress\/wp-json\/wp\/v2\/pages\/3869\/revisions"}],"predecessor-version":[{"id":4062,"href":"https:\/\/improntaconsulting.es\/wordpress\/wp-json\/wp\/v2\/pages\/3869\/revisions\/4062"}],"wp:attachment":[{"href":"https:\/\/improntaconsulting.es\/wordpress\/wp-json\/wp\/v2\/media?parent=3869"}],"curies":[{"name":"wp","href":"https:\/\/api.w.org\/{rel}","templated":true}]}}