{"id":3879,"date":"2013-05-22T15:30:05","date_gmt":"2013-05-22T15:30:05","guid":{"rendered":"https:\/\/improntaconsulting.es\/wordpress\/?page_id=3879"},"modified":"2017-05-09T09:53:32","modified_gmt":"2017-05-09T09:53:32","slug":"sector-servicios-profesionales","status":"publish","type":"page","link":"https:\/\/improntaconsulting.es\/wordpress\/sector-servicios-profesionales\/","title":{"rendered":"Sector Servicios Profesionales"},"content":{"rendered":"<div class=\"fusion-fullwidth fullwidth-box fusion-builder-row-1 hundred-percent-fullwidth non-hundred-percent-height-scrolling\" style=\"background-color: rgba(255,255,255,0);background-position: center center;background-repeat: no-repeat;padding-top:0px;padding-right:0px;padding-bottom:0px;padding-left:0px;margin-bottom: 0px;margin-top: 0px;border-width: 0px 0px 0px 0px;border-color:#eae9e9;border-style:solid;\" ><div class=\"fusion-builder-row fusion-row\"><div class=\"fusion-layout-column fusion_builder_column fusion-builder-column-0 fusion_builder_column_1_2 1_2 fusion-one-half fusion-column-first\" style=\"width:50%;width:calc(50% - ( ( 4% ) * 0.5 ) );margin-right: 4%;margin-top:0px;margin-bottom:20px;\"><div class=\"fusion-column-wrapper fusion-flex-column-wrapper-legacy\" style=\"background-position:left top;background-repeat:no-repeat;-webkit-background-size:cover;-moz-background-size:cover;-o-background-size:cover;background-size:cover;padding: 0px 0px 0px 0px;\">\nEl sector de los Servicios Profesionales cada vez necesita una mayor capacidad de adaptaci\u00f3n y flexibilidad en un momento en que las empresas est\u00e1n redefiniendo sus pol\u00edticas y reestructurando sus costes y estrategias. La aparici\u00f3n de nuevos competidores, fusiones, internacionalizaci\u00f3n, cambios de estrategias internas, la lucha actual por el \u201cpricing\u201d lo convierten en un sector muy competitivo.<\/p>\n<p>Cada entidad del sector necesita contar con los profesionales que supongan un verdadero valor a\u00f1adido de cara a sus clientes y que atesoren una elevada \u00e9tica, capaces de ser independientes, y capaces de tolerar correctamente la presi\u00f3n de los clientes para que les den una soluci\u00f3n. Asimismo, deben ser disciplinados, rigurosos, acostumbrados a trabajar en equipo tanto a nivel interno, como por supuesto en \u201ccasa del cliente\u201d.<\/p>\n<div class=\"fusion-clearfix\"><\/div><\/div><\/div>\n<div class=\"fusion-layout-column fusion_builder_column fusion-builder-column-1 fusion_builder_column_1_2 1_2 fusion-one-half fusion-column-last\" style=\"width:50%;width:calc(50% - ( ( 4% ) * 0.5 ) );margin-top:0px;margin-bottom:20px;\"><div class=\"fusion-column-wrapper fusion-flex-column-wrapper-legacy\" style=\"background-position:left top;background-repeat:no-repeat;-webkit-background-size:cover;-moz-background-size:cover;-o-background-size:cover;background-size:cover;padding: 0px 0px 0px 0px;\">\nEn <strong>Impronta Consulting<\/strong> somos especialistas en la B\u00fasqueda, Evaluaci\u00f3n y Desarrollo de profesionales que garanticen poder competir con solidez, potencia y solvencia en el medio y largo plazo en un entorno cada vez m\u00e1s exigente. Estamos en contacto continuo con profesionales del sector lo que nos permite tener un pulso y conocimiento actualizado del sector pudiendo aportar las mejores soluciones en cada caso, personalizando al m\u00e1ximo nuestra metodolog\u00eda de trabajo.<\/p>\n<p>Nuestro equipo directivo tiene experiencia en clientes de Auditoria, Consultor\u00eda, Bufetes, Consultoras Estrat\u00e9gicas, M&amp;A, a todos los niveles (Socios, Directores, Gerentes, Especialistas\u2026) y en todos los subsectores de los Servicios Profesionales y, tanto en grandes empresas multinacionales, como en peque\u00f1as boutiques especializadas.<div class=\"fusion-clearfix\"><\/div><\/div><\/div><\/div><style type=\"text\/css\">.fusion-fullwidth.fusion-builder-row-1 { overflow:visible; }<\/style><\/div>\n","protected":false},"excerpt":{"rendered":"","protected":false},"author":1,"featured_media":0,"parent":0,"menu_order":0,"comment_status":"closed","ping_status":"closed","template":"","meta":[],"_links":{"self":[{"href":"https:\/\/improntaconsulting.es\/wordpress\/wp-json\/wp\/v2\/pages\/3879"}],"collection":[{"href":"https:\/\/improntaconsulting.es\/wordpress\/wp-json\/wp\/v2\/pages"}],"about":[{"href":"https:\/\/improntaconsulting.es\/wordpress\/wp-json\/wp\/v2\/types\/page"}],"author":[{"embeddable":true,"href":"https:\/\/improntaconsulting.es\/wordpress\/wp-json\/wp\/v2\/users\/1"}],"replies":[{"embeddable":true,"href":"https:\/\/improntaconsulting.es\/wordpress\/wp-json\/wp\/v2\/comments?post=3879"}],"version-history":[{"count":6,"href":"https:\/\/improntaconsulting.es\/wordpress\/wp-json\/wp\/v2\/pages\/3879\/revisions"}],"predecessor-version":[{"id":4060,"href":"https:\/\/improntaconsulting.es\/wordpress\/wp-json\/wp\/v2\/pages\/3879\/revisions\/4060"}],"wp:attachment":[{"href":"https:\/\/improntaconsulting.es\/wordpress\/wp-json\/wp\/v2\/media?parent=3879"}],"curies":[{"name":"wp","href":"https:\/\/api.w.org\/{rel}","templated":true}]}}